it of 179841953?
4
What is the thousands digit of 25551505?
1
What is the ten thousands digit of 190666692?
6
What is the thousands digit of 302880391?
0
What is the units digit of 695277244?
4
What is the millions digit of 90888967?
0
What is the ten thousands digit of 48687106?
8
What is the ten millions digit of 1688426816?
8
What is the tens digit of 465863391?
9
What is the hundred thousands digit of 113634591?
6
What is the tens digit of 31892671?
7
What is the tens digit of 135897489?
8
What is the millions digit of 485523188?
5
What is the hundred thousands digit of 146616302?
6
What is the millions digit of 52002766?
2
What is the ten millions digit of 653345008?
5
What is the tens digit of 996052272?
7
What is the hundreds digit of 654792806?
8
What is the hundred thousands digit of 139196463?
1
What is the hundred millions digit of 369158783?
3
What is the hundreds digit of 364415154?
1
What is the hundred thousands digit of 774020477?
0
What is the tens digit of 418031873?
7
What is the units digit of 3644885469?
9
What is the units digit of 17080699?
9
What is the thousands digit of 538363943?
3
What is the hundred thousands digit of 130678634?
6
What is the hundred thousands digit of 39181946?
1
What is the ten thousands digit of 298346643?
4
What is the millions digit of 43975912?
3
What is the ten millions digit of 140594429?
4
What is the ten thousands digit of 503733451?
3
What is the hundred millions digit of 133240261?
1
What is the hundred thousands digit of 8254360?
2
What is the thousands digit of 199670924?
0
What is the units digit of 263749702?
2
What is the hundred thousands digit of 423014631?
0
What is the ten millions digit of 617063907?
1
What is the millions digit of 360456225?
0
What is the ten thousands digit of 214531115?
3
What is the hundreds digit of 402722565?
5
What is the hundreds digit of 2205028082?
0
What is the ten millions digit of 321433774?
2
What is the millions digit of 744535250?
4
What is the millions digit of 66615170?
6
What is the ten thousands digit of 107508000?
0
What is the ten thousands digit of 575227818?
2
What is the tens digit of 1876618532?
3
What is the ten thousands digit of 85103819?
0
What is the hundred millions digit of 494543034?
4
What is the hundreds digit of 419256184?
1
What is the hundred thousands digit of 115450550?
4
What is the ten thousands digit of 4177844060?
4
What is the ten thousands digit of 40356100?
5
What is the millions digit of 381133365?
1
What is the thousands digit of 75732025?
2
What is the units digit of 142368800?
0
What is the hundreds digit of 218669330?
3
What is the tens digit of 5901249167?
6
What is the ten thousands digit of 280266605?
6
What is the millions digit of 2346355252?
6
What is the units digit of 5548201?
1
What is the units digit of 1270405485?
5
What is the hundreds digit of 747848165?
1
What is the hundred millions digit of 1032154955?
0
What is the hundreds digit of 151897215?
2
What is the thousands digit of 30860095?
0
What is the tens digit of 502117699?
9
What is the thousands digit of 125876572?
6
What is the millions digit of 28880201?
8
What is the ten thousands digit of 176450256?
5
What is the ten millions digit of 18858883?
1
What is the hundreds digit of 119512381?
3
What is the tens digit of 180900338?
3
What is the tens digit of 160160918?
1
What is the hundred thousands digit of 389797636?
7
What is the millions digit of 71012671?
1
What is the thousands digit of 942894546?
4
What is the hundred thousands digit of 928392758?
3
What is the ten millions digit of 3943337369?
4
What is the thousands digit of 33426259?
6
What is the millions digit of 231014400?
1
What is the hundred thousands digit of 1342496330?
4
What is the units digit of 7885792100?
0
What is the hundred thousands digit of 1263768251?
7
What is the thousands digit of 1604617948?
7
What is the hundreds digit of 24886579?
5
What is the ten millions digit of 863240098?
6
What is the tens digit of 7749830454?
5
What is the hundred thousands digit of 632049997?
0
What is the millions digit of 93423056?
3
What is the millions digit of 3245640726?
5
What is the thousands digit of 3776999286?
9
What is the thousands digit of 3632104591?
4
What is the thousands digit of 472424083?
4
What is the hundred millions digit of 546726412?
5
What is the thousands digit of 210559432?
9
What is the hundred millions digit of 2070220255?
0
What is the hundreds digit of 129906061?
0
What is the billions digit of 7234002733?
7
What is the hundreds digit of 831968824?
8
What is the millions digit of 124582210?
4
What is the thousands digit of 158384276?
4
What is the millions digit of 47476521?
7
What is the ten millions digit of 10358581?
1
What is the ten thousands digit of 1581380732?
8
What is the millions digit of 282759544?
2
What is the millions digit of 125648880?
5
What is the hundreds digit of 423713709?
7
What is the thousands digit of 119885816?
5
What is the hundreds digit of 2138587?
5
What is the ten thousands digit of 20281795?
8
What is the ten millions digit of 6106806791?
0
What is the units digit of 256051444?
4
What is the thousands digit of 3073702707?
2
What is the units digit of 3799281?
1
What is the units digit of 986027404?
4
What is the millions digit of 1631196557?
1
What is the ten thousands digit of 1058971808?
7
What is the ten thousands digit of 1406241507?
4
What is the tens digit of 2254794898?
9
What is the hundred thousands digit of 1695237258?
2
What is the hundred millions digit of 406066827?
4
What is the ten millions digit of 170193986?
7
What is the hundreds digit of 3112716?
7
What is the hundred thousands digit of 4732326847?
3
What is the hundred thousands digit of 1001280717?
2
What is the ten thousands digit of 430950402?
5
What is the billions digit of 1954603189?
1
What is the hundreds digit of 72949371?
3
What is the millions digit of 115482484?
5
What is the tens digit of 341093115?
1
What is the ten thousands digit of 62643502?
4
What is the hundreds digit of 163409340?
3
What is the hundreds digit of 41853766?
7
What is the tens digit of 51480932?
3
What is the tens digit of 1164247942?
4
What is the millions digit of 43281591?
3
What is the millions digit of 33670139?
3
What is the hundreds digit of 204478430?
4
What is the units digit of 51776381?
1
What is the units digit of 95565784?
4
What is the hundred millions digit of 673548813?
6
What is the ten millions digit of 122775503?
2
What is the thousands digit of 4296900192?
0
What is the hundred millions digit of 1198578368?
1
What is the thousands digit of 157834654?
4
What is the hundreds digit of 138578599?
5
What is the tens digit of 20636777?
7
What is the hundreds digit of 414774071?
0
What is the millions digit of 236525707?
6
What is the tens digit of 153892964?
6
What is the hundreds digit of 30388222?
2
What is the hundreds digit of 747144503?
5
What is the hundreds digit of 59740582?
5
What is the ten millions digit of 2286222622?
8
What is the billions digit of 4730991548?
4
What is the hundred millions digit of 632859721?
6
What is the ten millions digit of 74413799?
7
What is the tens digit of 3580651054?
5
What is the hundred thousands digit of 20311207?
3
What is the ten thousands digit of 650525644?
2
What is the hundred millions digit of 854878812?
8
What is the units digit of 2992103367?
7
What is the millions digit of 1202613727?
2
What is the hundred millions digit of 558520050?
5
What is the thousands digit of 159121116?
1
What is the tens digit of 2487359798?
9
What is the thousands digit of 190137000?
7
What is the hundred millions digit of 1552722169?
5
What is the tens digit of 316609837?
3
What is the ten millions digit of 486454171?
8
What is the hundred thousands digit of 505210278?
2
What is the ten millions digit of 93474212?
9
What is the millions digit of 41787988?
1
What is the millions digit of 206183524?
6
What is the ten millions digit of 21474337?
2
What is the billions digit of 2307552617?
2
What is the billions digit of 3525663322?
3
What is the tens digit of 652574011?
1
What is the hundreds digit of 618694606?
6
What is the hundred millions digit of 2771139796?
7
What is the ten millions digit of 49859310?
4
What is t